{"id":20095,"date":"2022-07-25T12:33:19","date_gmt":"2022-07-25T10:33:19","guid":{"rendered":"https:\/\/frauenfilmfest.com\/event\/freda-bei-ifs-begegnung-gender-diversity\/"},"modified":"2022-07-25T14:51:23","modified_gmt":"2022-07-25T12:51:23","slug":"freda-bei-ifs-begegnung-gender-diversity","status":"publish","type":"event","link":"https:\/\/frauenfilmfest.com\/en\/event\/freda-bei-ifs-begegnung-gender-diversity\/","title":{"rendered":"\u00bbFreda\u00ab bei \u00bbifs-Begegnung\u00ab Gender &#038; Diversity"},"content":{"rendered":"<p>With <strong>Freda<\/strong>, Haitian actress Gessica G\u00e9n\u00e9us celebrated her debut as a director, placing Haiti on the international film festival map. G\u00e9n\u00e9us takes an unsentimental look at how, in patriarchal Haitian society, women in particular suffer from economic downturn, social and political grievances, cultural repression and racism.<\/p>\n<p>The story of the two unequal sisters Freda and G\u00e9raldine also tells the story of two opposing lives in a society shaped by colonialism: the protagonist Freda (played by N\u00e9h\u00e9mie Basiten), unlike her sister, decides neither to marry into the corrupt upper class nor to follow her partner Yeshua abroad. Freda not only opposes the political elite, but also sees the roots of the problems in the cultural alienation caused by colonialism. The devaluation of the Creole language, the continuing impact of vodoo, and the problem of colorism are subtly addressed in the film, while documentary film sequences of the violent street protests of 2018 clearly interrupt the feature film in places. A film about the power-critical struggles of a young generation of Haiti&#8217;s first post-colonial independence state.<\/p>\n<p><strong>Freda<\/strong> won the Best Debut Feature Film award at the 2022 IFFF Dortmund+K\u00f6ln, presented by Zimbabwean writer and director Tsitsi Dangarembga, primarily for the resisting character of Freda, who &#8211; not unlike the director &#8211; decides to go to Haiti.<\/p>\n<p>Moderation: Dr. Maxa Zoller<\/p>\n<p><strong>Admission free<\/strong><\/p>\n","protected":false},"featured_media":14395,"template":"","movie_cat":[],"event_cat":[109],"event_type":[128],"festival":[],"class_list":["post-20095","event","type-event","status-publish","has-post-thumbnail","hentry","event_cat-ifs-begegnung","event_type-film-en"],"acf":[],"yoast_head":"<!-- This site is optimized with the Yoast SEO plugin v27.5 - https:\/\/yoast.com\/product\/yoast-seo-wordpress\/ -->\n<title>\u00bbFreda\u00ab bei \u00bbifs-Begegnung\u00ab Gender &amp; Diversity - Internationales Frauen Film Fest<\/title>\n<meta name=\"robots\" content=\"index, follow, max-snippet:-1, max-image-preview:large, max-video-preview:-1\" \/>\n<link rel=\"canonical\" href=\"https:\/\/frauenfilmfest.com\/en\/event\/freda-bei-ifs-begegnung-gender-diversity\/\" \/>\n<meta property=\"og:locale\" content=\"en_US\" \/>\n<meta property=\"og:type\" content=\"article\" \/>\n<meta property=\"og:title\" content=\"\u00bbFreda\u00ab bei \u00bbifs-Begegnung\u00ab Gender &amp; Diversity - Internationales Frauen Film Fest\" \/>\n<meta property=\"og:description\" content=\"With Freda, Haitian actress Gessica G\u00e9n\u00e9us celebrated her debut as a director, placing Haiti on the international film festival map. [...]\" \/>\n<meta property=\"og:url\" content=\"https:\/\/frauenfilmfest.com\/en\/event\/freda-bei-ifs-begegnung-gender-diversity\/\" \/>\n<meta property=\"og:site_name\" content=\"Internationales Frauen Film Fest\" \/>\n<meta property=\"article:publisher\" content=\"https:\/\/www.facebook.com\/IFFF.Dortmund.Koeln\/\" \/>\n<meta property=\"article:modified_time\" content=\"2022-07-25T12:51:23+00:00\" \/>\n<meta property=\"og:image\" content=\"https:\/\/frauenfilmfest.com\/wp-content\/uploads\/2022\/02\/IFFF2022_Freda_16-9_website_02_cSanosiProductions.jpg\" \/>\n\t<meta property=\"og:image:width\" content=\"1080\" \/>\n\t<meta property=\"og:image:height\" content=\"581\" \/>\n\t<meta property=\"og:image:type\" content=\"image\/jpeg\" \/>\n<meta name=\"twitter:card\" content=\"summary_large_image\" \/>\n<meta name=\"twitter:site\" content=\"@frauenfilmfest\" \/>\n<meta name=\"twitter:label1\" content=\"Est. reading time\" \/>\n\t<meta name=\"twitter:data1\" content=\"2 minutes\" \/>\n<script type=\"application\/ld+json\" class=\"yoast-schema-graph\">{\"@context\":\"https:\\\/\\\/schema.org\",\"@graph\":[{\"@type\":\"WebPage\",\"@id\":\"https:\\\/\\\/frauenfilmfest.com\\\/en\\\/event\\\/freda-bei-ifs-begegnung-gender-diversity\\\/\",\"url\":\"https:\\\/\\\/frauenfilmfest.com\\\/en\\\/event\\\/freda-bei-ifs-begegnung-gender-diversity\\\/\",\"name\":\"\u00bbFreda\u00ab bei \u00bbifs-Begegnung\u00ab Gender & Diversity - Internationales Frauen Film Fest\",\"isPartOf\":{\"@id\":\"https:\\\/\\\/frauenfilmfest.com\\\/#website\"},\"primaryImageOfPage\":{\"@id\":\"https:\\\/\\\/frauenfilmfest.com\\\/en\\\/event\\\/freda-bei-ifs-begegnung-gender-diversity\\\/#primaryimage\"},\"image\":{\"@id\":\"https:\\\/\\\/frauenfilmfest.com\\\/en\\\/event\\\/freda-bei-ifs-begegnung-gender-diversity\\\/#primaryimage\"},\"thumbnailUrl\":\"https:\\\/\\\/frauenfilmfest.com\\\/wp-content\\\/uploads\\\/2022\\\/02\\\/IFFF2022_Freda_16-9_website_02_cSanosiProductions.jpg\",\"datePublished\":\"2022-07-25T10:33:19+00:00\",\"dateModified\":\"2022-07-25T12:51:23+00:00\",\"breadcrumb\":{\"@id\":\"https:\\\/\\\/frauenfilmfest.com\\\/en\\\/event\\\/freda-bei-ifs-begegnung-gender-diversity\\\/#breadcrumb\"},\"inLanguage\":\"en-US\",\"potentialAction\":[{\"@type\":\"ReadAction\",\"target\":[\"https:\\\/\\\/frauenfilmfest.com\\\/en\\\/event\\\/freda-bei-ifs-begegnung-gender-diversity\\\/\"]}]},{\"@type\":\"ImageObject\",\"inLanguage\":\"en-US\",\"@id\":\"https:\\\/\\\/frauenfilmfest.com\\\/en\\\/event\\\/freda-bei-ifs-begegnung-gender-diversity\\\/#primaryimage\",\"url\":\"https:\\\/\\\/frauenfilmfest.com\\\/wp-content\\\/uploads\\\/2022\\\/02\\\/IFFF2022_Freda_16-9_website_02_cSanosiProductions.jpg\",\"contentUrl\":\"https:\\\/\\\/frauenfilmfest.com\\\/wp-content\\\/uploads\\\/2022\\\/02\\\/IFFF2022_Freda_16-9_website_02_cSanosiProductions.jpg\",\"width\":1080,\"height\":581,\"caption\":\"Two black women are seen from the front. The younger one has her head on the lap of the older woman and her eyes are closed\"},{\"@type\":\"BreadcrumbList\",\"@id\":\"https:\\\/\\\/frauenfilmfest.com\\\/en\\\/event\\\/freda-bei-ifs-begegnung-gender-diversity\\\/#breadcrumb\",\"itemListElement\":[{\"@type\":\"ListItem\",\"position\":1,\"name\":\"Home\",\"item\":\"https:\\\/\\\/frauenfilmfest.com\\\/en\\\/\"},{\"@type\":\"ListItem\",\"position\":2,\"name\":\"\u00bbFreda\u00ab bei \u00bbifs-Begegnung\u00ab Gender &#038; Diversity\"}]},{\"@type\":\"WebSite\",\"@id\":\"https:\\\/\\\/frauenfilmfest.com\\\/#website\",\"url\":\"https:\\\/\\\/frauenfilmfest.com\\\/\",\"name\":\"Internationales Frauen Film Fest\",\"description\":\"\",\"publisher\":{\"@id\":\"https:\\\/\\\/frauenfilmfest.com\\\/#organization\"},\"potentialAction\":[{\"@type\":\"SearchAction\",\"target\":{\"@type\":\"EntryPoint\",\"urlTemplate\":\"https:\\\/\\\/frauenfilmfest.com\\\/?s={search_term_string}\"},\"query-input\":{\"@type\":\"PropertyValueSpecification\",\"valueRequired\":true,\"valueName\":\"search_term_string\"}}],\"inLanguage\":\"en-US\"},{\"@type\":\"Organization\",\"@id\":\"https:\\\/\\\/frauenfilmfest.com\\\/#organization\",\"name\":\"Internationales Frauenfilmfestival Dortmund|K\u00f6ln e.V.\",\"url\":\"https:\\\/\\\/frauenfilmfest.com\\\/\",\"logo\":{\"@type\":\"ImageObject\",\"inLanguage\":\"en-US\",\"@id\":\"https:\\\/\\\/frauenfilmfest.com\\\/#\\\/schema\\\/logo\\\/image\\\/\",\"url\":\"https:\\\/\\\/frauenfilmfest.com\\\/wp-content\\\/uploads\\\/2021\\\/03\\\/menu-logo.svg\",\"contentUrl\":\"https:\\\/\\\/frauenfilmfest.com\\\/wp-content\\\/uploads\\\/2021\\\/03\\\/menu-logo.svg\",\"width\":214,\"height\":59,\"caption\":\"Internationales Frauenfilmfestival Dortmund|K\u00f6ln e.V.\"},\"image\":{\"@id\":\"https:\\\/\\\/frauenfilmfest.com\\\/#\\\/schema\\\/logo\\\/image\\\/\"},\"sameAs\":[\"https:\\\/\\\/www.facebook.com\\\/IFFF.Dortmund.Koeln\\\/\",\"https:\\\/\\\/x.com\\\/frauenfilmfest\",\"https:\\\/\\\/www.instagram.com\\\/frauenfilmfestival\\\/\"]}]}<\/script>\n<!-- \/ Yoast SEO plugin. -->","yoast_head_json":{"title":"\u00bbFreda\u00ab bei \u00bbifs-Begegnung\u00ab Gender & Diversity - Internationales Frauen Film Fest","robots":{"index":"index","follow":"follow","max-snippet":"max-snippet:-1","max-image-preview":"max-image-preview:large","max-video-preview":"max-video-preview:-1"},"canonical":"https:\/\/frauenfilmfest.com\/en\/event\/freda-bei-ifs-begegnung-gender-diversity\/","og_locale":"en_US","og_type":"article","og_title":"\u00bbFreda\u00ab bei \u00bbifs-Begegnung\u00ab Gender & Diversity - Internationales Frauen Film Fest","og_description":"With Freda, Haitian actress Gessica G\u00e9n\u00e9us celebrated her debut as a director, placing Haiti on the international film festival map. [...]","og_url":"https:\/\/frauenfilmfest.com\/en\/event\/freda-bei-ifs-begegnung-gender-diversity\/","og_site_name":"Internationales Frauen Film Fest","article_publisher":"https:\/\/www.facebook.com\/IFFF.Dortmund.Koeln\/","article_modified_time":"2022-07-25T12:51:23+00:00","og_image":[{"width":1080,"height":581,"url":"https:\/\/frauenfilmfest.com\/wp-content\/uploads\/2022\/02\/IFFF2022_Freda_16-9_website_02_cSanosiProductions.jpg","type":"image\/jpeg"}],"twitter_card":"summary_large_image","twitter_site":"@frauenfilmfest","twitter_misc":{"Est. reading time":"2 minutes"},"schema":{"@context":"https:\/\/schema.org","@graph":[{"@type":"WebPage","@id":"https:\/\/frauenfilmfest.com\/en\/event\/freda-bei-ifs-begegnung-gender-diversity\/","url":"https:\/\/frauenfilmfest.com\/en\/event\/freda-bei-ifs-begegnung-gender-diversity\/","name":"\u00bbFreda\u00ab bei \u00bbifs-Begegnung\u00ab Gender & Diversity - Internationales Frauen Film Fest","isPartOf":{"@id":"https:\/\/frauenfilmfest.com\/#website"},"primaryImageOfPage":{"@id":"https:\/\/frauenfilmfest.com\/en\/event\/freda-bei-ifs-begegnung-gender-diversity\/#primaryimage"},"image":{"@id":"https:\/\/frauenfilmfest.com\/en\/event\/freda-bei-ifs-begegnung-gender-diversity\/#primaryimage"},"thumbnailUrl":"https:\/\/frauenfilmfest.com\/wp-content\/uploads\/2022\/02\/IFFF2022_Freda_16-9_website_02_cSanosiProductions.jpg","datePublished":"2022-07-25T10:33:19+00:00","dateModified":"2022-07-25T12:51:23+00:00","breadcrumb":{"@id":"https:\/\/frauenfilmfest.com\/en\/event\/freda-bei-ifs-begegnung-gender-diversity\/#breadcrumb"},"inLanguage":"en-US","potentialAction":[{"@type":"ReadAction","target":["https:\/\/frauenfilmfest.com\/en\/event\/freda-bei-ifs-begegnung-gender-diversity\/"]}]},{"@type":"ImageObject","inLanguage":"en-US","@id":"https:\/\/frauenfilmfest.com\/en\/event\/freda-bei-ifs-begegnung-gender-diversity\/#primaryimage","url":"https:\/\/frauenfilmfest.com\/wp-content\/uploads\/2022\/02\/IFFF2022_Freda_16-9_website_02_cSanosiProductions.jpg","contentUrl":"https:\/\/frauenfilmfest.com\/wp-content\/uploads\/2022\/02\/IFFF2022_Freda_16-9_website_02_cSanosiProductions.jpg","width":1080,"height":581,"caption":"Two black women are seen from the front. The younger one has her head on the lap of the older woman and her eyes are closed"},{"@type":"BreadcrumbList","@id":"https:\/\/frauenfilmfest.com\/en\/event\/freda-bei-ifs-begegnung-gender-diversity\/#breadcrumb","itemListElement":[{"@type":"ListItem","position":1,"name":"Home","item":"https:\/\/frauenfilmfest.com\/en\/"},{"@type":"ListItem","position":2,"name":"\u00bbFreda\u00ab bei \u00bbifs-Begegnung\u00ab Gender &#038; Diversity"}]},{"@type":"WebSite","@id":"https:\/\/frauenfilmfest.com\/#website","url":"https:\/\/frauenfilmfest.com\/","name":"Internationales Frauen Film Fest","description":"","publisher":{"@id":"https:\/\/frauenfilmfest.com\/#organization"},"potentialAction":[{"@type":"SearchAction","target":{"@type":"EntryPoint","urlTemplate":"https:\/\/frauenfilmfest.com\/?s={search_term_string}"},"query-input":{"@type":"PropertyValueSpecification","valueRequired":true,"valueName":"search_term_string"}}],"inLanguage":"en-US"},{"@type":"Organization","@id":"https:\/\/frauenfilmfest.com\/#organization","name":"Internationales Frauenfilmfestival Dortmund|K\u00f6ln e.V.","url":"https:\/\/frauenfilmfest.com\/","logo":{"@type":"ImageObject","inLanguage":"en-US","@id":"https:\/\/frauenfilmfest.com\/#\/schema\/logo\/image\/","url":"https:\/\/frauenfilmfest.com\/wp-content\/uploads\/2021\/03\/menu-logo.svg","contentUrl":"https:\/\/frauenfilmfest.com\/wp-content\/uploads\/2021\/03\/menu-logo.svg","width":214,"height":59,"caption":"Internationales Frauenfilmfestival Dortmund|K\u00f6ln e.V."},"image":{"@id":"https:\/\/frauenfilmfest.com\/#\/schema\/logo\/image\/"},"sameAs":["https:\/\/www.facebook.com\/IFFF.Dortmund.Koeln\/","https:\/\/x.com\/frauenfilmfest","https:\/\/www.instagram.com\/frauenfilmfestival\/"]}]}},"_links":{"self":[{"href":"https:\/\/frauenfilmfest.com\/en\/wp-json\/wp\/v2\/event\/20095","targetHints":{"allow":["GET"]}}],"collection":[{"href":"https:\/\/frauenfilmfest.com\/en\/wp-json\/wp\/v2\/event"}],"about":[{"href":"https:\/\/frauenfilmfest.com\/en\/wp-json\/wp\/v2\/types\/event"}],"wp:featuredmedia":[{"embeddable":true,"href":"https:\/\/frauenfilmfest.com\/en\/wp-json\/wp\/v2\/media\/14395"}],"wp:attachment":[{"href":"https:\/\/frauenfilmfest.com\/en\/wp-json\/wp\/v2\/media?parent=20095"}],"wp:term":[{"taxonomy":"movie_cat","embeddable":true,"href":"https:\/\/frauenfilmfest.com\/en\/wp-json\/wp\/v2\/movie_cat?post=20095"},{"taxonomy":"event_cat","embeddable":true,"href":"https:\/\/frauenfilmfest.com\/en\/wp-json\/wp\/v2\/event_cat?post=20095"},{"taxonomy":"event_type","embeddable":true,"href":"https:\/\/frauenfilmfest.com\/en\/wp-json\/wp\/v2\/event_type?post=20095"},{"taxonomy":"festival","embeddable":true,"href":"https:\/\/frauenfilmfest.com\/en\/wp-json\/wp\/v2\/festival?post=20095"}],"curies":[{"name":"wp","href":"https:\/\/api.w.org\/{rel}","templated":true}]}}

<p>With <strong>Freda</strong>, Haitian actress Gessica Généus celebrated her debut as a director, placing Haiti on the international film festival map. Généus takes an unsentimental look at how, in patriarchal Haitian society, women in particular suffer from economic downturn, social and political grievances, cultural repression and racism.</p>
<p>The story of the two unequal sisters Freda and Géraldine also tells the story of two opposing lives in a society shaped by colonialism: the protagonist Freda (played by Néhémie Basiten), unlike her sister, decides neither to marry into the corrupt upper class nor to follow her partner Yeshua abroad. Freda not only opposes the political elite, but also sees the roots of the problems in the cultural alienation caused by colonialism. The devaluation of the Creole language, the continuing impact of vodoo, and the problem of colorism are subtly addressed in the film, while documentary film sequences of the violent street protests of 2018 clearly interrupt the feature film in places. A film about the power-critical struggles of a young generation of Haiti&#8217;s first post-colonial independence state.</p>
<p><strong>Freda</strong> won the Best Debut Feature Film award at the 2022 IFFF Dortmund+Köln, presented by Zimbabwean writer and director Tsitsi Dangarembga, primarily for the resisting character of Freda, who &#8211; not unlike the director &#8211; decides to go to Haiti.</p>
<p>Moderation: Dr. Maxa Zoller</p>
<p><strong>Admission free</strong></p>

<!-- This site is optimized with the Yoast SEO plugin v27.5 - https://yoast.com/product/yoast-seo-wordpress/ -->
<title>»Freda« bei »ifs-Begegnung« Gender &amp; Diversity - Internationales Frauen Film Fest</title>
<meta name="robots" content="index, follow, max-snippet:-1, max-image-preview:large, max-video-preview:-1" />
<link rel="canonical" href="https://frauenfilmfest.com/en/event/freda-bei-ifs-begegnung-gender-diversity/" />
<meta property="og:locale" content="en_US" />
<meta property="og:type" content="article" />
<meta property="og:title" content="»Freda« bei »ifs-Begegnung« Gender &amp; Diversity - Internationales Frauen Film Fest" />
<meta property="og:description" content="With Freda, Haitian actress Gessica Généus celebrated her debut as a director, placing Haiti on the international film festival map. [...]" />
<meta property="og:url" content="https://frauenfilmfest.com/en/event/freda-bei-ifs-begegnung-gender-diversity/" />
<meta property="og:site_name" content="Internationales Frauen Film Fest" />
<meta property="article:publisher" content="https://www.facebook.com/IFFF.Dortmund.Koeln/" />
<meta property="article:modified_time" content="2022-07-25T12:51:23+00:00" />
<meta property="og:image" content="https://frauenfilmfest.com/wp-content/uploads/2022/02/IFFF2022_Freda_16-9_website_02_cSanosiProductions.jpg" />
	<meta property="og:image:width" content="1080" />
	<meta property="og:image:height" content="581" />
	<meta property="og:image:type" content="image/jpeg" />
<meta name="twitter:card" content="summary_large_image" />
<meta name="twitter:site" content="@frauenfilmfest" />
<meta name="twitter:label1" content="Est. reading time" />
	<meta name="twitter:data1" content="2 minutes" />
<script type="application/ld+json" class="yoast-schema-graph">{"@context":"https:\/\/schema.org","@graph":[{"@type":"WebPage","@id":"https:\/\/frauenfilmfest.com\/en\/event\/freda-bei-ifs-begegnung-gender-diversity\/","url":"https:\/\/frauenfilmfest.com\/en\/event\/freda-bei-ifs-begegnung-gender-diversity\/","name":"»Freda« bei »ifs-Begegnung« Gender & Diversity - Internationales Frauen Film Fest","isPartOf":{"@id":"https:\/\/frauenfilmfest.com\/#website"},"primaryImageOfPage":{"@id":"https:\/\/frauenfilmfest.com\/en\/event\/freda-bei-ifs-begegnung-gender-diversity\/#primaryimage"},"image":{"@id":"https:\/\/frauenfilmfest.com\/en\/event\/freda-bei-ifs-begegnung-gender-diversity\/#primaryimage"},"thumbnailUrl":"https:\/\/frauenfilmfest.com\/wp-content\/uploads\/2022\/02\/IFFF2022_Freda_16-9_website_02_cSanosiProductions.jpg","datePublished":"2022-07-25T10:33:19+00:00","dateModified":"2022-07-25T12:51:23+00:00","breadcrumb":{"@id":"https:\/\/frauenfilmfest.com\/en\/event\/freda-bei-ifs-begegnung-gender-diversity\/#breadcrumb"},"inLanguage":"en-US","potentialAction":[{"@type":"ReadAction","target":["https:\/\/frauenfilmfest.com\/en\/event\/freda-bei-ifs-begegnung-gender-diversity\/"]}]},{"@type":"ImageObject","inLanguage":"en-US","@id":"https:\/\/frauenfilmfest.com\/en\/event\/freda-bei-ifs-begegnung-gender-diversity\/#primaryimage","url":"https:\/\/frauenfilmfest.com\/wp-content\/uploads\/2022\/02\/IFFF2022_Freda_16-9_website_02_cSanosiProductions.jpg","contentUrl":"https:\/\/frauenfilmfest.com\/wp-content\/uploads\/2022\/02\/IFFF2022_Freda_16-9_website_02_cSanosiProductions.jpg","width":1080,"height":581,"caption":"Two black women are seen from the front. The younger one has her head on the lap of the older woman and her eyes are closed"},{"@type":"BreadcrumbList","@id":"https:\/\/frauenfilmfest.com\/en\/event\/freda-bei-ifs-begegnung-gender-diversity\/#breadcrumb","itemListElement":[{"@type":"ListItem","position":1,"name":"Home","item":"https:\/\/frauenfilmfest.com\/en\/"},{"@type":"ListItem","position":2,"name":"»Freda« bei »ifs-Begegnung« Gender &#038; Diversity"}]},{"@type":"WebSite","@id":"https:\/\/frauenfilmfest.com\/#website","url":"https:\/\/frauenfilmfest.com\/","name":"Internationales Frauen Film Fest","description":"","publisher":{"@id":"https:\/\/frauenfilmfest.com\/#organization"},"potentialAction":[{"@type":"SearchAction","target":{"@type":"EntryPoint","urlTemplate":"https:\/\/frauenfilmfest.com\/?s={search_term_string}"},"query-input":{"@type":"PropertyValueSpecification","valueRequired":true,"valueName":"search_term_string"}}],"inLanguage":"en-US"},{"@type":"Organization","@id":"https:\/\/frauenfilmfest.com\/#organization","name":"Internationales Frauenfilmfestival Dortmund|Köln e.V.","url":"https:\/\/frauenfilmfest.com\/","logo":{"@type":"ImageObject","inLanguage":"en-US","@id":"https:\/\/frauenfilmfest.com\/#\/schema\/logo\/image\/","url":"https:\/\/frauenfilmfest.com\/wp-content\/uploads\/2021\/03\/menu-logo.svg","contentUrl":"https:\/\/frauenfilmfest.com\/wp-content\/uploads\/2021\/03\/menu-logo.svg","width":214,"height":59,"caption":"Internationales Frauenfilmfestival Dortmund|Köln e.V."},"image":{"@id":"https:\/\/frauenfilmfest.com\/#\/schema\/logo\/image\/"},"sameAs":["https:\/\/www.facebook.com\/IFFF.Dortmund.Koeln\/","https:\/\/x.com\/frauenfilmfest","https:\/\/www.instagram.com\/frauenfilmfestival\/"]}]}</script>
<!-- / Yoast SEO plugin. -->

With Freda, Haitian actress Gessica Généus celebrated her debut as a director, placing Haiti on the international film festival map. [...]

Internationales Frauenfilmfestival Dortmund|Köln e.V.
